3*d. Suppose -3*y + 4 + d = 0. What is the units digit of y?
2
Let n = -2 - -2. Suppose n*k = k. Suppose -2*l - 5*h + 54 = k, 0 = -0*l - 4*l + 2*h + 60. What is the units digit of l?
7
Let b(j) = j**3 + 9*j**2 + 3. What is the units digit of b(-9)?
3
What is the units digit of (2 + 7/(-3))*-39?
3
Let a be 2/5*(1 + -6). Let c be (-4)/2 + (0 - 4/2). What is the units digit of (10 + c)/((-2)/a)?
6
What is the tens digit of 1/(1/(-4 + 21))?
1
Let i = -6 + 8. Suppose 3*q - i = 37. What is the tens digit of q?
1
Suppose -5*i - 23 + 123 = 0. Suppose i = w + 4*w. Suppose 66 - 14 = 4*g + w*h, -5*h = -3*g + 15. What is the units digit of g?
0
What is the units digit of 10 - -82 - (-1 - 0) - -2?
5
Let i = 122 - 75. What is the tens digit of i?
4
Let i be (-9)/27 + 10/3. Suppose 3*k - 7 = 5*q, 6*q - q + 3*k - 17 = 0. Suppose l - i = -q. What is the units digit of l?
2
What is the hundreds digit of (-96)/(-8)*(-53)/(-4)?
1
Let s(c) = 6*c - 3. Let x be s(2). Suppose y = m + x, -3*m - 13 = -2*y - 2*m. Suppose -2*g = -2*k + 3*k - 15, 4*g = -y*k + 32. What is the units digit of g?
7
Let h(m) = m**3 - 7*m**2 + 7*m + 2. Let d be h(6). Let x(u) = u + 3. Let l be x(d). Let a = l + 2. What is the units digit of a?
3
Suppose 4 = 4*n + 4*w, n - 18 = 2*w - 2. Let r(d) = -d**3 + 5*d**2 + 6*d - 5. Let c be r(n). Let b(j) = j**2 + 6*j + 7. What is the units digit of b(c)?
2
Let h(i) = -8*i + 10 + i**2 - 1 - 2*i**2 + 0. Let q be h(-8). Let g = -5 + q. What is the units digit of g?
4
Let u = -70 - -172. Suppose 3*t = -3*m + u, t + 0*t - 5 = 0. What is the units digit of m?
9
Suppose 90 = 5*p + 3*q, -3*p - 5*q = -2*p - 18. What is the tens digit of p - (-3 + (-24)/(-4))?
1
Suppose 0 = n - 4, 2*d + 0 = -4*n + 30. Suppose -d = 4*f - 3. What is the units digit of (4/(-5))/(f/5)?
4
Let u(l) = -2*l + 7. Let p be u(5). Let z = p + 8. Suppose -3*t - 7 = -q - 5*t, -z*q = -t - 79. What is the units digit of q?
5
Let f = -1 + -3. Let z(p) = 2*p - 7. Let k be z(3). Let d = k - f. What is the units digit of d?
3
Suppose 13*z - 14*z + 12 = 0. Suppose 2*k - 20 = -4*f, 3*k - 4*f - 8 = z. What is the units digit of k?
8
Let h = -16 + 24. Let k(s) = s + 1. Let g(w) = -11. Let z(u) = g(u) + 3*k(u). What is the tens digit of z(h)?
1
Let t(u) = -u**2 - 14*u - 16. Let o = -3 - 6. What is the tens digit of t(o)?
2
Suppose 5*f + 261 = 6*f. What is the tens digit of f?
6
Let q be (2 + 1 + -4)*2. What is the units digit of 8 + 1 + (q - 0)?
7
Suppose -6*l = -l. Suppose l = n - 27 - 5. What is the units digit of n?
2
Let b(v) = v**3 - 9*v**2 - 10*v + 4. Let w(p) = 3*p**3 - 18*p**2 - 20*p + 7. Let q(s) = 5*b(s) - 2*w(s). What is the tens digit of q(-8)?
2
Suppose 0 = -4*z - 35 + 3. What is the units digit of 7*3/(-12)*z?
4
Let t be 27/(-5) - (-10)/25. Let f(s) = -s**3 - 6*s**2 - 6*s. Let k be f(t). Suppose 5*i + 3*z - 7 - 1 = 0, -i - k*z = 16. What is the units digit of i?
4
Let g = 5 + -5. Let t = 7 - g. What is the units digit of t?
7
Suppose 24 = -q + 4*q. Let a(p) = -2*p**2 - p**3 + q*p**3 + 1 + 0. What is the units digit of a(1)?
6
What is the units digit of (0*(1 + -2) + -652)/(-2)?
6
Suppose -5*d - 48 = 3*v, 0 = -5*d + 4*v - 36 - 5. What is the units digit of 9/(-6)*6/d?
1
Let u = 30 - 15. What is the units digit of 2*(u/6)/5?
1
Let m(k) = -4*k - 11. What is the units digit of m(-4)?
5
Suppose -k - 3*c - 60 = -2*k, -58 = -k + 4*c. What is the tens digit of k?
6
Let t = -11 - -15. Suppose -3 = -i + t. What is the units digit of i?
7
Suppose -6 = -o - 8. What is the units digit of 72/20*(-5)/o?
9
What is the units digit of 272/6*((-30)/4)/(-5)?
8
Let n = 10 + -8. Suppose -3*d + t = -75, -n*d + 5*t = -0*d - 37. What is the units digit of d?
6
Suppose 122 = 3*n - n - 2*m, -4*m = 3*n - 162. What is the units digit of n?
8
Let y be (-4)/(-6)*(1 + 2). Suppose -u + 2*h = 11 + 4, -5*u + y*h = 59. Let t = -8 - u. What is the units digit of t?
3
Let g(b) = 7*b**2 - 2 + 6*b + 2*b**3 - b**3 - 1. Let f be g(-6). What is the units digit of (-1)/(f/(-21)*-1)?
7
Suppose 4*k = -q + 15, 0 = 2*k - 7*k + 2*q + 35. Suppose 0 = -k*v + 2*z + 3*z + 50, -3*z + 18 = v. What is the units digit of v?
2
Let l be (4/(-2))/2*-6. Suppose 0 = l*c - c - 2*q - 184, 2*c + 3*q - 66 = 0. Let v = -24 + c. What is the tens digit of v?
1
Suppose 5*k - 36 = 2*u, 5*k = 5*u + 25 + 5. What is the units digit of ((-34)/6)/(k/(-24))?
7
Let f(x) = 2*x**2 + x - 2. Let u be f(-3). Suppose -3*o = -4*r - 7, o + 2*o = r + u. What is the units digit of r?
2
Let y(o) = -o + 9. Let x(k) = k - 8. Let v(q) = 3*x(q) + 4*y(q). What is the units digit of v(6)?
6
Suppose 11 = s - 11. What is the units digit of 75/11 - (-4)/s?
7
Let w(r) = r**2 - 6*r + 3. Let t be w(5). Let c be ((-470)/(-4))/(-5)*t. Suppose 4*g = u + 61, 3*g - c = 2*u - 0*u. What is the units digit of g?
5
Suppose 2*b - 4*w = 10, 0 = -4*b - 0*w + 2*w + 50. Let l = b - -6. What is the units digit of l?
1
Let a = -241 + 357. What is the tens digit of a?
1
Suppose 4*m - 2*j + 7 = -5*j, 3 = -3*m - 3*j. What is the units digit of 8*(-1)/m*2?
4
Suppose -4*d + 295 + 41 = -4*r, -5*d - 2*r + 427 = 0. Suppose 4*u - 13 = -2*x + 5, -5*x - 2*u = -d. What is the tens digit of x?
1
Let p = -111 + 190. Let y = -35 + p. What is the tens digit of y?
4
Let y be 2 - -5 - 2*1. Suppose 60 = y*j - 0*j. What is the units digit of j?
2
Suppose f = 4*s - 22, -s + 6 - 3 = 0. What is the units digit of ((-114)/(-9))/(f/(-15))?
9
Suppose 4*z - 11 = 93. Suppose -2*i - 2*i + 24 = 0. Suppose 7 = -3*h + 4*x, -i*x + x + z = 2*h. What is the units digit of h?
3
Suppose 0*d = 3*l - 4*d - 19, 0 = 3*l + 2*d - 13. Let g(i) = -i + 1. Let x be g(l). What is the units digit of (x/6)/(2/(-27))?
9
Let h(q) = -q**2 + 6*q - 6. Let j be h(4). What is the tens digit of 4 + 14/1 - j?
1
Suppose 0 = 3*v + 149 - 539. What is the units digit of v?
0
Suppose -278*g + 300 = -277*g. What is the hundreds digit of g?
3
Let b be 4/10 - 36/15. Let v = -32 - -55. What is the units digit of v/3 - b/(-3)?
7
Suppose -2*q - 20 = 4*m, -3*m = 2 + 1. What is the units digit of 3/(-6)*0 - q?
8
Let k be 1 + 1*(-6)/(-3). Let j = -3 + k. Suppose -4*b + s + s + 24 = j, -4*b - 3*s = -4. What is the units digit of b?
4
What is the units digit of (-81 - 1)/(7 - 9)?
1
Suppose -3 = f, 5*f + 112 = g - 93. What is the hundreds digit of g?
1
Suppose -2*h = 2 - 22. Suppose -h = -9*s + 4*s. What is the units digit of 1/s*44/2?
1
Suppose -2*b + 413 - 55 = 0. What is the hundreds digit of b?
1
Let c(f) = -f**3 - 3*f**2 - 3*f - 1. Let r be c(-3). Suppose 0 = s + 2*y + 4, s - 3*y - 1 + 0 = 0. Let j = s + r. What is the units digit of j?
6
Let b = -6 - -9. Suppose -7 = -b*z + 2. What is the units digit of (2 - 2 - 1) + z?
2
Let a(d) be the third derivative of -5*d**4/24 - d**3 - 3*d**2. What is the units digit of a(-3)?
9
Suppose m = 7 + 1. Let i be ((-15)/9)/(2/(-6)). Suppose -4*u + 64 = 3*h, -i*h - m = -4*u - 72. What is the units digit of h?
6
Suppose 11 = -2*l + 5*v, l = 4*v - v - 3. What is the tens digit of (l/2)/3 - -51?
4
Let n(c) = -4*c - 12 + c - 2*c. What is the tens digit of n(-9)?
3
Let l = -13 + 20. Suppose w - l + 4 = 0. Suppose 0 = -h - m - 0 + 12, 31 = w*h + 2*m. What is the units digit of h?
7
Suppose -4*p + 113 = -3. What is the units digit of p?
9
Let o be ((-4)/10)/((-2)/30). Suppose i - b = 48, -52 = -i + o*b - 3*b. What is the units digit of i?
6
Let b(i) = -i**3 - 2*i - 4. Suppose -5*r = -2*z + 9, 2*z - z = 2*r + 3. What is the units digit of b(r)?
9
Suppose -7*y - 33 = -10*y. What is the tens digit of y?
1
Let h(c) = c + 8. Let x be -4*(2 + -2 - -2). Let f be h(x). Let d = f + 3. What is the units digit of d?
3
Let z(r) = 10*r**3 - r**2 + 4*r - 4. What is the tens digit of z(2)?
8
Let u(z) = -z + 14. Let l be u(14). Suppose 0 = -l*x + 5*x - 10. What is the units digit of x?
2
What is the units digit of (0 - -47) + (-1 - -1)?
7
Let x be (-4)/14 + (-117)/7. Let n = -8 - x. What is the units digit of (n/(-6) - -2)*16?
8
Let z = 3 + -3. Suppose 2*n = -z*n - 2*o + 24, -o + 34 = 3*n. What is the tens digit of n?
1
Let j be (-2)/(-10) + 159/5. What is the units digit of 10*1/(20/j)?
6
Suppose c = 2*c + 1. Let w(m) = -23*m**3 - 2*m**2 - m. What is the tens digit of w(c)?
2
Let i be (6/10)/((-3)/15). Let q = 4 + i. What is the units digit of (5/1 - -2) + 